ate the remainder when 131 is divided by 27.
23
Calculate the remainder when 1662 is divided by 26.
24
What is the remainder when 208 is divided by 31?
22
Calculate the remainder when 45 is divided by 31.
14
Calculate the remainder when 7126 is divided by 24.
22
Calculate the remainder when 1013 is divided by 432.
149
What is the remainder when 340 is divided by 86?
82
Calculate the remainder when 118 is divided by 39.
1
Calculate the remainder when 137 is divided by 49.
39
What is the remainder when 4575 is divided by 22?
21
What is the remainder when 316 is divided by 2?
0
Calculate the remainder when 52 is divided by 5.
2
Calculate the remainder when 166 is divided by 24.
22
Calculate the remainder when 4676 is divided by 35.
21
What is the remainder when 314 is divided by 9?
8
What is the remainder when 189 is divided by 105?
84
What is the remainder when 54 is divided by 30?
24
Calculate the remainder when 2937 is divided by 196.
193
What is the remainder when 331 is divided by 56?
51
Calculate the remainder when 66 is divided by 26.
14
Calculate the remainder when 36 is divided by 10.
6
What is the remainder when 527 is divided by 105?
2
What is the remainder when 970 is divided by 188?
30
Calculate the remainder when 626 is divided by 63.
59
What is the remainder when 139 is divided by 123?
16
Calculate the remainder when 1467 is divided by 161.
18
What is the remainder when 428 is divided by 58?
22
Calculate the remainder when 3427 is divided by 33.
28
Calculate the remainder when 5166 is divided by 68.
66
What is the remainder when 7655 is divided by 19?
17
What is the remainder when 3176 is divided by 3166?
10
What is the remainder when 38947 is divided by 182?
181
What is the remainder when 83 is divided by 42?
41
What is the remainder when 105 is divided by 41?
23
What is the remainder when 123 is divided by 37?
12
Calculate the remainder when 1556 is divided by 130.
126
Calculate the remainder when 290 is divided by 6.
2
Calculate the remainder when 101 is divided by 57.
44
What is the remainder when 87 is divided by 13?
9
Calculate the remainder when 2302 is divided by 39.
1
What is the remainder when 508 is divided by 265?
243
What is the remainder when 385 is divided by 23?
17
What is the remainder when 530 is divided by 189?
152
What is the remainder when 1797 is divided by 10?
7
Calculate the remainder when 5 is divided by 1.
0
What is the remainder when 608 is divided by 28?
20
Calculate the remainder when 194 is divided by 97.
0
Calculate the remainder when 20920 is divided by 15.
10
What is the remainder when 93 is divided by 82?
11
What is the remainder when 1344 is divided by 58?
10
Calculate the remainder when 20 is divided by 2.
0
What is the remainder when 12130 is divided by 15?
10
What is the remainder when 1137 is divided by 16?
1
Calculate the remainder when 13717 is divided by 33.
22
What is the remainder when 78 is divided by 20?
18
Calculate the remainder when 1222 is divided by 115.
72
Calculate the remainder when 541 is divided by 140.
121
What is the remainder when 17 is divided by 14?
3
Calculate the remainder when 88 is divided by 23.
19
What is the remainder when 439 is divided by 34?
31
What is the remainder when 1145 is divided by 334?
143
Calculate the remainder when 226 is divided by 38.
36
What is the remainder when 176 is divided by 117?
59
Calculate the remainder when 122 is divided by 58.
6
Calculate the remainder when 344 is divided by 279.
65
Calculate the remainder when 42 is divided by 22.
20
Calculate the remainder when 168 is divided by 17.
15
What is the remainder when 33204 is divided by 29?
28
Calculate the remainder when 4520 is divided by 37.
6
What is the remainder when 474 is divided by 54?
42
What is the remainder when 2154 is divided by 43?
4
Calculate the remainder when 155 is divided by 6.
5
What is the remainder when 904 is divided by 65?
59
Calculate the remainder when 907 is divided by 26.
23
What is the remainder when 3534 is divided by 27?
24
Calculate the remainder when 2518 is divided by 353.
47
What is the remainder when 557 is divided by 114?
101
Calculate the remainder when 129 is divided by 33.
30
Calculate the remainder when 429 is divided by 62.
57
What is the remainder when 161 is divided by 43?
32
What is the remainder when 1238 is divided by 97?
74
What is the remainder when 209 is divided by 34?
5
Calculate the remainder when 1096 is divided by 184.
176
What is the remainder when 538 is divided by 136?
130
Calculate the remainder when 71 is divided by 52.
19
What is the remainder when 707 is divided by 48?
35
Calculate the remainder when 365 is divided by 61.
60
What is the remainder when 75 is divided by 35?
5
Calculate the remainder when 70 is divided by 13.
5
What is the remainder when 383 is divided by 96?
95
What is the remainder when 115 is divided by 29?
28
Calculate the remainder when 420 is divided by 92.
52
What is the remainder when 142 is divided by 30?
22
What is the remainder when 277 is divided by 3?
1
What is the remainder when 400 is divided by 29?
23
Calculate the remainder when 203 is divided by 29.
0
Calculate the remainder when 216 is divided by 40.
16
Calculate the remainder when 3435 is divided by 1143.
6
What is the remainder when 65 is divided by 53?
12
What is the remainder when 1775 is divided by 40?
15
What is the remainder when 114 is divided by 51?
12
Calculate the remainder when 13 is divided by 2.
1
What is the remainder when 12597 is divided by 200?
197
What is the remainder when 76 is divided by 13?
11
Calculate the remainder when 104 is divided by 36.
32
Calculate the remainder when 3602 is divided by 53.
51
Calculate the remainder when 1413 is divided by 14.
13
Calculate the remainder when 111 is divided by 12.
3
What is the remainder when 2274 is divided by 14?
6
What is the remainder when 192 is divided by 15?
12
What is the remainder when 1513 is divided by 1493?
20
Calculate the remainder when 23307 is divided by 37.
34
Calculate the remainder when 2986 is divided by 230.
226
Calculate the remainder when 141 is divided by 110.
31
Calculate the remainder when 181 is divided by 21.
13
Calculate the remainder when 211 is divided by 208.
3
Calculate the remainder when 1261 is divided by 16.
13
What is the remainder when 4876 is divided by 27?
16
What is the remainder when 1084 is divided by 31?
30
What is the remainder when 10161 is divided by 132?
129
What is the remainder when 3298 is divided by 127?
123
What is the remainder when 1931 is divided by 504?
419
Calculate the remainder when 89 is divided by 23.
20
What is the remainder when 143 is divided by 29?
27
What is the remainder when 78 is divided by 5?
3
Calculate the remainder when 793 is divided by 9.
1
What is the remainder when 2518 is divided by 14?
12
Calculate the remainder when 718 is divided by 36.
34
What is the remainder when 229 is divided by 4?
1
What is the remainder when 101 is divided by 5?
1
What is the remainder when 78 is divided by 9?
6
What is the remainder when 196 is divided by 30?
16
What is the remainder when 1004 is divided by 48?
44
What is the remainder when 572 is divided by 314?
258
What is the remainder when 942 is divided by 4?
2
Calculate the remainder when 611 is divided by 59.
21
What is the remainder when 448 is divided by 96?
64
What is the remainder when 732 is divided by 105?
102
What is the remainder when 1706 is divided by 95?
91
Calculate the remainder when 445 is divided by 28.
25
Calculate the remainder when 148 is divided by 52.
44
Calculate the remainder when 205 is divided by 25.
5
Calculate the remainder when 57 is divided by 1.
0
Calculate the remainder when 65 is divided by 14.
9
Calculate the remainder when 478 is divided by 106.
54
What is the remainder when 289 is divided by 29?
28
What is the remainder when 6 is divided by 5?
1
What is the remainder when 5413 is divided by 21?
16
What is the remainder when 2192 is divided by 2?
0
What is the remainder when 97 is divided by 53?
44
Calculate the remainder when 1339 is divided by 61.
58
Calculate the remainder when 845 is divided by 308.
229
Calculate the remainder when 127 is divided by 22.
17
What is the remainder when 645 is divided by 136?
101
What is the remaind